{"id":200,"date":"2015-04-02T21:51:39","date_gmt":"2015-04-02T19:51:39","guid":{"rendered":"http:\/\/dudek-net.com\/main\/?page_id=200"},"modified":"2017-05-15T17:11:08","modified_gmt":"2017-05-15T15:11:08","slug":"koncerty","status":"publish","type":"page","link":"https:\/\/dudek-net.com\/main\/pl\/muzyka\/koncerty\/","title":{"rendered":"Koncerty"},"content":{"rendered":"<p>&nbsp;<\/p>\n<p>Wkr\u00f3tce:<\/p>\n<p>&nbsp;<\/p>\n<p>nowe koncerty s\u0105 planowane<\/p>\n<p>&nbsp;<\/p>\n<p>&nbsp;<\/p>\n<p><em><strong>Historia:<\/strong><\/em><\/p>\n<p>&nbsp;<\/p>\n<p>12.05.2017, 20:15, Gitarrissimo w Gda\u0144skiej, Oberhausen<br \/>\n<a href=\"http:\/\/www.electrio.de\">electrio<\/a><\/p>\n<p>01.10.2016, 22:30,\u00a0Cafe \u00b4t Duvelke,\u00a0Helstraat 3A,\u00a0Sittard, Holandia<br \/>\n<a href=\"http:\/\/www.asolassinmi.de\">a solas sin mi<\/a><\/p>\n<p>28. 09.2016, 21:00, Grenswerk, Venlo, Holandia<br \/>\n<a href=\"http:\/\/www.asolassinmi.de\">a solas sin mi<\/a><\/p>\n<p>23.09.2016, 19:00, La Trattoria \u2013 Einigkeit, Matilda-Wrede-Str. 19, Dortmund<br \/>\n<a href=\"http:\/\/www.electrio.de\">electrio<\/a><\/p>\n<p>12.08.2016, 20:00, Ruhr-Art Galerie, Dammstr. 1, Duisburg-Ruhrort<br \/>\n<a href=\"http:\/\/www.darius-dudek-trio.de\" target=\"_blank\">darius dudek trio<\/a><\/p>\n<p>01.05.2016, 16:00, B\u00f6ninger Park, Duisburg<br \/>\n<a href=\"http:\/\/www.asolassinmi.de\">a solas sin mi<\/a><\/p>\n<p>04.12.2015, 20:30,\u00a0Jazz und Art Galerie, Florastra\u00dfe 28, Gelsenkirchen<br \/>\n<a href=\"http:\/\/www.electrio.de\">electrio<\/a><\/p>\n<p>28.10.2015, 20:00,\u00a0Ruhr-Art Galerie, Dammstr. 1,\u00a0Duisburg-Ruhrort<br \/>\n<a href=\"http:\/\/www.electrio.de\">electrio<\/a><\/p>\n<p>10.10.2015, 20:00, Bistro Surmann, Gildenstr. 1, Oberhausen-Osterfeld<br \/>\n<a href=\"http:\/\/www.darius-dudek-trio.de\" target=\"_blank\">darius dudek trio<\/a><\/p>\n<p>15.08.2015, 14:00,\u00a0Kunsthof Knopp, Am Bungert 19, Herten-Westerholt<br \/>\n<a href=\"http:\/\/www.electrio.de\">electrio<\/a><\/p>\n<p>15.07.2015 <a href=\"http:\/\/www.ruhrartgalerie.de\/\" target=\"_blank\">ruhr-art galerie<\/a> Duisburg<br \/>\n<a href=\"http:\/\/www.darius-dudek-trio.de\" target=\"_blank\">darius dudek trio<\/a><\/p>\n<p>03.12.2014\u00a0Ratskeller Dortmund-Aplerbeck<br \/>\n<a href=\"http:\/\/www.electrio.de\">electrio<\/a><\/p>\n<p>05.10.2014\u00a0Wernisa\u017c w Gda\u0144skiej, Oberhausen<br \/>\n<a href=\"http:\/\/www.darius-dudek-trio.de\">darius dudek trio<\/a><\/p>\n<p>27.09.2014\u00a0FineArtJazz, Palace St. George, Moenchengladbach<br \/>\n<a href=\"http:\/\/www.electrio.de\">electrio<\/a><\/p>\n<p>23.Mai 2014, Gda\u0144ska, Gitarrissimo, w Oberhausen<br \/>\n<a href=\"http:\/\/www.electrio.de\">electrio<\/a><\/p>\n<p>20.Juni 2013, Cafe Blond w Recklinghausen<br \/>\n<a href=\"http:\/\/www.electrio.de\">electrio<\/a><\/p>\n<p>05.Juni 2013, &#8222;Jazz im Ratskeller&#8220; w Dortmund<br \/>\n<a href=\"http:\/\/www.electrio.de\">electrio<\/a><\/p>\n<p>10.November 2012 w BarRock, www.kreuz4tel-live.de, Dortmund<br \/>\n<a href=\"http:\/\/www.electrio.de\">electrio<\/a><\/p>\n<p>27.Oktober 2012 w ko\u015bciele &#8222;Auferstehungskirche&#8220;, Gelsenkirchen<br \/>\n<a href=\"http:\/\/www.electrio.de\">electrio<\/a><\/p>\n<p>10. Oktober 2012, Cafe Blond, w Recklinghausen<br \/>\n<a href=\"http:\/\/www.electrio.de\">electrio<\/a><\/p>\n<p>26. August 2012 festyn uliczny WIW w Herten<br \/>\n<a href=\"http:\/\/www.electrio.de\">electrio<\/a><\/p>\n<p>12. Juli 2012, Gdanska, Gitarrissimo, w Oberhausen<br \/>\n<a href=\"http:\/\/www.electrio.de\">electrio<\/a><\/p>\n","protected":false},"excerpt":{"rendered":"<p class=\"excerpt\">&nbsp; Wkr\u00f3tce: &nbsp; nowe koncerty s\u0105 planowane &nbsp; &nbsp; Historia: &nbsp; 12.05.2017, 20:15, Gitarrissimo w Gda\u0144skiej, Oberhausen electrio 01.10.2016, 22:30,\u00a0Cafe \u00b4t Duvelke,\u00a0Helstraat 3A,\u00a0Sittard, Holandia a solas sin mi 28. 09.2016, 21:00, Grenswerk, Venlo, Holandia a solas sin mi 23.09.2016, 19:00, La Trattoria \u2013 Einigkeit, Matilda-Wrede-Str. 19, Dortmund electrio 12.08.2016, 20:00, Ruhr-Art Galerie, Dammstr. 1, Duisburg-Ruhrort darius dudek trio 01.05.2016, 16:00,&hellip; <a href=\"https:\/\/dudek-net.com\/main\/pl\/muzyka\/koncerty\/\">Read more &rarr;<\/a><\/p>\n","protected":false},"author":1,"featured_media":0,"parent":153,"menu_order":12,"comment_status":"closed","ping_status":"closed","template":"","meta":{"_monsterinsights_skip_tracking":false,"_monsterinsights_sitenote_active":false,"_monsterinsights_sitenote_note":"","_monsterinsights_sitenote_category":0,"footnotes":""},"_links":{"self":[{"href":"https:\/\/dudek-net.com\/main\/wp-json\/wp\/v2\/pages\/200"}],"collection":[{"href":"https:\/\/dudek-net.com\/main\/wp-json\/wp\/v2\/pages"}],"about":[{"href":"https:\/\/dudek-net.com\/main\/wp-json\/wp\/v2\/types\/page"}],"author":[{"embeddable":true,"href":"https:\/\/dudek-net.com\/main\/wp-json\/wp\/v2\/users\/1"}],"replies":[{"embeddable":true,"href":"https:\/\/dudek-net.com\/main\/wp-json\/wp\/v2\/comments?post=200"}],"version-history":[{"count":34,"href":"https:\/\/dudek-net.com\/main\/wp-json\/wp\/v2\/pages\/200\/revisions"}],"predecessor-version":[{"id":506,"href":"https:\/\/dudek-net.com\/main\/wp-json\/wp\/v2\/pages\/200\/revisions\/506"}],"up":[{"embeddable":true,"href":"https:\/\/dudek-net.com\/main\/wp-json\/wp\/v2\/pages\/153"}],"wp:attachment":[{"href":"https:\/\/dudek-net.com\/main\/wp-json\/wp\/v2\/media?parent=200"}],"curies":[{"name":"wp","href":"https:\/\/api.w.org\/{rel}","templated":true}]}}

<p>&nbsp;</p>
<p>Wkrótce:</p>
<p>&nbsp;</p>
<p>nowe koncerty są planowane</p>
<p>&nbsp;</p>
<p>&nbsp;</p>
<p><em><strong>Historia:</strong></em></p>
<p>&nbsp;</p>
<p>12.05.2017, 20:15, Gitarrissimo w Gdańskiej, Oberhausen<br />
<a href="http://www.electrio.de">electrio</a></p>
<p>01.10.2016, 22:30, Cafe ´t Duvelke, Helstraat 3A, Sittard, Holandia<br />
<a href="http://www.asolassinmi.de">a solas sin mi</a></p>
<p>28. 09.2016, 21:00, Grenswerk, Venlo, Holandia<br />
<a href="http://www.asolassinmi.de">a solas sin mi</a></p>
<p>23.09.2016, 19:00, La Trattoria – Einigkeit, Matilda-Wrede-Str. 19, Dortmund<br />
<a href="http://www.electrio.de">electrio</a></p>
<p>12.08.2016, 20:00, Ruhr-Art Galerie, Dammstr. 1, Duisburg-Ruhrort<br />
<a href="http://www.darius-dudek-trio.de" target="_blank">darius dudek trio</a></p>
<p>01.05.2016, 16:00, Böninger Park, Duisburg<br />
<a href="http://www.asolassinmi.de">a solas sin mi</a></p>
<p>04.12.2015, 20:30, Jazz und Art Galerie, Florastraße 28, Gelsenkirchen<br />
<a href="http://www.electrio.de">electrio</a></p>
<p>28.10.2015, 20:00, Ruhr-Art Galerie, Dammstr. 1, Duisburg-Ruhrort<br />
<a href="http://www.electrio.de">electrio</a></p>
<p>10.10.2015, 20:00, Bistro Surmann, Gildenstr. 1, Oberhausen-Osterfeld<br />
<a href="http://www.darius-dudek-trio.de" target="_blank">darius dudek trio</a></p>
<p>15.08.2015, 14:00, Kunsthof Knopp, Am Bungert 19, Herten-Westerholt<br />
<a href="http://www.electrio.de">electrio</a></p>
<p>15.07.2015 <a href="http://www.ruhrartgalerie.de/" target="_blank">ruhr-art galerie</a> Duisburg<br />
<a href="http://www.darius-dudek-trio.de" target="_blank">darius dudek trio</a></p>
<p>03.12.2014 Ratskeller Dortmund-Aplerbeck<br />
<a href="http://www.electrio.de">electrio</a></p>
<p>05.10.2014 Wernisaż w Gdańskiej, Oberhausen<br />
<a href="http://www.darius-dudek-trio.de">darius dudek trio</a></p>
<p>27.09.2014 FineArtJazz, Palace St. George, Moenchengladbach<br />
<a href="http://www.electrio.de">electrio</a></p>
<p>23.Mai 2014, Gdańska, Gitarrissimo, w Oberhausen<br />
<a href="http://www.electrio.de">electrio</a></p>
<p>20.Juni 2013, Cafe Blond w Recklinghausen<br />
<a href="http://www.electrio.de">electrio</a></p>
<p>05.Juni 2013, &#8222;Jazz im Ratskeller&#8220; w Dortmund<br />
<a href="http://www.electrio.de">electrio</a></p>
<p>10.November 2012 w BarRock, www.kreuz4tel-live.de, Dortmund<br />
<a href="http://www.electrio.de">electrio</a></p>
<p>27.Oktober 2012 w kościele &#8222;Auferstehungskirche&#8220;, Gelsenkirchen<br />
<a href="http://www.electrio.de">electrio</a></p>
<p>10. Oktober 2012, Cafe Blond, w Recklinghausen<br />
<a href="http://www.electrio.de">electrio</a></p>
<p>26. August 2012 festyn uliczny WIW w Herten<br />
<a href="http://www.electrio.de">electrio</a></p>
<p>12. Juli 2012, Gdanska, Gitarrissimo, w Oberhausen<br />
<a href="http://www.electrio.de">electrio</a></p>

<p class="excerpt">&nbsp; Wkrótce: &nbsp; nowe koncerty są planowane &nbsp; &nbsp; Historia: &nbsp; 12.05.2017, 20:15, Gitarrissimo w Gdańskiej, Oberhausen electrio 01.10.2016, 22:30, Cafe ´t Duvelke, Helstraat 3A, Sittard, Holandia a solas sin mi 28. 09.2016, 21:00, Grenswerk, Venlo, Holandia a solas sin mi 23.09.2016, 19:00, La Trattoria – Einigkeit, Matilda-Wrede-Str. 19, Dortmund electrio 12.08.2016, 20:00, Ruhr-Art Galerie, Dammstr. 1, Duisburg-Ruhrort darius dudek trio 01.05.2016, 16:00,&hellip; <a href="https://dudek-net.com/main/pl/muzyka/koncerty/">Read more &rarr;</a></p>
