{"id":171,"date":"2015-04-02T21:20:50","date_gmt":"2015-04-02T19:20:50","guid":{"rendered":"http:\/\/dudek-net.com\/main\/?page_id=171"},"modified":"2015-04-04T14:34:36","modified_gmt":"2015-04-04T12:34:36","slug":"fotografie-2","status":"publish","type":"page","link":"https:\/\/dudek-net.com\/main\/pl\/fotografie-2\/","title":{"rendered":"Fotografia"},"content":{"rendered":"<p>Jednym z moich hobby jest fotografia cyfrowa. Fotografuj\u0119 moim Nikonem D60 i obrabiam pliki RAW oprogramowaniem DxO Optics Pro.<\/p>\n<p>Nocne uj\u0119cia\u00a0przemys\u0142owych projekt\u00f3w architektonicznych s\u0105 moimi ulubionymi motywami. Specjalizuj\u0119 si\u0119 w technice HDR.<\/p>\n<p>HDR (High Dynamic Range) oznacza technik\u0119, w kt\u00f3rej wiele zdj\u0119\u0107 jednego uj\u0119cia wykonuje sie w r\u00f3\u017cnych czasach na\u015bwietlania (niedo\u015bwietlone, normalnie na\u015bwietlone, prze\u015bwietlone). Te zdj\u0119cia s\u0105 nast\u0119pnie &#8222;po\u0142\u0105czone&#8220; za pomoc\u0105 oprogramowania do jednego obrazu.<\/p>\n<p>Takie fotografie wykazuj\u0105\u00a0znacznie lepszy kontrast i dynamik\u0119.<\/p>\n<p>Opublikowa\u0142em w mojej <a href=\"http:\/\/dudek-net.com\/photo\" target=\"_blank\">galerii<\/a>\u00a0najciekawsze\u00a0zdj\u0119cia.<\/p>\n<p>Jestem cz\u0142onkiem <a href=\"http:\/\/www.fotocommunity.de\/pc\/pc\/mypics\/1219816\" target=\"_blank\">fotocommunity.de<\/a>,\u00a0gdzie moje zdj\u0119cia r\u00f3wnie\u017c mo\u017cna znale\u017a\u0107.<\/p>\n<p>&nbsp;<\/p>\n<p>Wystawy w roku 2014:<\/p>\n<p>05\/10\/2014 &#8211; 30\/11\/2014 w Oberhausen<\/p>\n<p><a href=\"http:\/\/www.kir-oberhausen.de\/ausstellungen-im-gdanska\/\"><img loading=\"lazy\" decoding=\"async\" class=\"alignnone size-full wp-image-104\" src=\"https:\/\/dudek-net.com\/main\/wp-content\/uploads\/2013\/10\/Ausstellung_im_Gdanska.jpg\" alt=\"Ausstellung_im_Gdanska\" width=\"1023\" height=\"966\" srcset=\"https:\/\/dudek-net.com\/main\/wp-content\/uploads\/2013\/10\/Ausstellung_im_Gdanska.jpg 1023w, https:\/\/dudek-net.com\/main\/wp-content\/uploads\/2013\/10\/Ausstellung_im_Gdanska-300x283.jpg 300w, https:\/\/dudek-net.com\/main\/wp-content\/uploads\/2013\/10\/Ausstellung_im_Gdanska-624x589.jpg 624w\" sizes=\"(max-width: 1023px) 100vw, 1023px\" \/><\/a><\/p>\n","protected":false},"excerpt":{"rendered":"<p class=\"excerpt\">Jednym z moich hobby jest fotografia cyfrowa. Fotografuj\u0119 moim Nikonem D60 i obrabiam pliki RAW oprogramowaniem DxO Optics Pro. Nocne uj\u0119cia\u00a0przemys\u0142owych projekt\u00f3w architektonicznych s\u0105 moimi ulubionymi motywami. Specjalizuj\u0119 si\u0119 w technice HDR. HDR (High Dynamic Range) oznacza technik\u0119, w kt\u00f3rej wiele zdj\u0119\u0107 jednego uj\u0119cia wykonuje sie w r\u00f3\u017cnych czasach na\u015bwietlania (niedo\u015bwietlone, normalnie na\u015bwietlone, prze\u015bwietlone). Te zdj\u0119cia s\u0105 nast\u0119pnie &#8222;po\u0142\u0105czone&#8220; za&hellip; <a href=\"https:\/\/dudek-net.com\/main\/pl\/fotografie-2\/\">Read more &rarr;<\/a><\/p>\n","protected":false},"author":1,"featured_media":0,"parent":0,"menu_order":3,"comment_status":"closed","ping_status":"closed","template":"","meta":{"_monsterinsights_skip_tracking":false,"_monsterinsights_sitenote_active":false,"_monsterinsights_sitenote_note":"","_monsterinsights_sitenote_category":0,"footnotes":""},"_links":{"self":[{"href":"https:\/\/dudek-net.com\/main\/wp-json\/wp\/v2\/pages\/171"}],"collection":[{"href":"https:\/\/dudek-net.com\/main\/wp-json\/wp\/v2\/pages"}],"about":[{"href":"https:\/\/dudek-net.com\/main\/wp-json\/wp\/v2\/types\/page"}],"author":[{"embeddable":true,"href":"https:\/\/dudek-net.com\/main\/wp-json\/wp\/v2\/users\/1"}],"replies":[{"embeddable":true,"href":"https:\/\/dudek-net.com\/main\/wp-json\/wp\/v2\/comments?post=171"}],"version-history":[{"count":4,"href":"https:\/\/dudek-net.com\/main\/wp-json\/wp\/v2\/pages\/171\/revisions"}],"predecessor-version":[{"id":253,"href":"https:\/\/dudek-net.com\/main\/wp-json\/wp\/v2\/pages\/171\/revisions\/253"}],"wp:attachment":[{"href":"https:\/\/dudek-net.com\/main\/wp-json\/wp\/v2\/media?parent=171"}],"curies":[{"name":"wp","href":"https:\/\/api.w.org\/{rel}","templated":true}]}}