{"id":153,"date":"2015-04-02T20:49:09","date_gmt":"2015-04-02T18:49:09","guid":{"rendered":"http:\/\/dudek-net.com\/main\/?page_id=153"},"modified":"2016-10-22T21:07:32","modified_gmt":"2016-10-22T19:07:32","slug":"muzyka","status":"publish","type":"page","link":"https:\/\/dudek-net.com\/main\/pl\/muzyka\/","title":{"rendered":"Muzyka"},"content":{"rendered":"<p>Jestem pianist\u0105 jazzowym, kompozytorem i keyborderem.<br \/>\nW menu <a title=\"Projekty\" href=\"https:\/\/dudek-net.com\/main\/?page_id=162&amp;lang=pl\">&#8222;Projekty muzyczne&#8220;<\/a> znajdziesz informacje o zespo\u0142ach, w kt\u00f3rych jestem zaanga\u017cowany.<\/p>\n<p>Poni\u017cej mo\u017cesz odkry\u0107 moje kompozycje oraz interpretacje standard\u00f3w jazzowych.<\/p>\n<h3 style=\"text-align: left;\"><small><small><em>\u00a9 Composed (except *), produced and played by Darius Dudek<\/em><\/small><\/small><\/h3>\n<h3><\/h3>\n<h3><em><strong>2015<\/strong><\/em><\/h3>\n<p>Lullaby For Emilia (composed by Darius Dudek)<div class=\"sc_fancy_player_container\"><!--[if lt IE 9]><script>document.createElement('audio');<\/script><![endif]-->\n<audio class=\"wp-audio-shortcode\" id=\"audio-153-1\" preload=\"none\" style=\"width: 100%;\" controls=\"controls\"><source type=\"audio\/mpeg\" src=\"http:\/\/dudek-net.com\/files\/music\/Lullaby_For_Emilia.mp3?_=1\" \/><a href=\"http:\/\/dudek-net.com\/files\/music\/Lullaby_For_Emilia.mp3\">http:\/\/dudek-net.com\/files\/music\/Lullaby_For_Emilia.mp3<\/a><\/audio><\/div><\/p>\n<p>3rd Street, NYC (composed by Darius Dudek)<div class=\"sc_fancy_player_container\"><audio class=\"wp-audio-shortcode\" id=\"audio-153-2\" preload=\"none\" style=\"width: 100%;\" controls=\"controls\"><source type=\"audio\/mpeg\" src=\"http:\/\/dudek-net.com\/files\/music\/3rd_Street_NYC.mp3?_=2\" \/><a href=\"http:\/\/dudek-net.com\/files\/music\/3rd_Street_NYC.mp3\">http:\/\/dudek-net.com\/files\/music\/3rd_Street_NYC.mp3<\/a><\/audio><\/div><\/p>\n<p>&nbsp;<\/p>\n<h3><\/h3>\n<h3><em><strong>2014<\/strong><\/em><\/h3>\n<p>Definition Of Love (composed by Darius Dudek)<div class=\"sc_fancy_player_container\"><audio class=\"wp-audio-shortcode\" id=\"audio-153-3\" preload=\"none\" style=\"width: 100%;\" controls=\"controls\"><source type=\"audio\/mpeg\" src=\"http:\/\/dudek-net.com\/files\/music\/definition_of_love.mp3?_=3\" \/><a href=\"http:\/\/dudek-net.com\/files\/music\/definition_of_love.mp3\">http:\/\/dudek-net.com\/files\/music\/definition_of_love.mp3<\/a><\/audio><\/div><\/p>\n<p>&nbsp;<\/p>\n<h3><\/h3>\n<h3><\/h3>\n<h3><em><strong>2013<\/strong><\/em><\/h3>\n<p>Lost In Saigon\u00a0 (composed by Darius Dudek)<div class=\"sc_fancy_player_container\"><audio class=\"wp-audio-shortcode\" id=\"audio-153-4\" preload=\"none\" style=\"width: 100%;\" controls=\"controls\"><source type=\"audio\/mpeg\" src=\"http:\/\/dudek-net.com\/files\/music\/lost%20in%20saigon.mp3?_=4\" \/><a href=\"http:\/\/dudek-net.com\/files\/music\/lost%20in%20saigon.mp3\">http:\/\/dudek-net.com\/files\/music\/lost%20in%20saigon.mp3<\/a><\/audio><\/div><\/p>\n<h3><\/h3>\n<h3><\/h3>\n<h3><\/h3>\n<h3><em><strong>2012<\/strong><\/em><\/h3>\n<p>Funky Space\u00a0 (composed by Darius Dudek)<div class=\"sc_fancy_player_container\"><audio class=\"wp-audio-shortcode\" id=\"audio-153-5\" preload=\"none\" style=\"width: 100%;\" controls=\"controls\"><source type=\"audio\/mpeg\" src=\"http:\/\/dudek-net.com\/files\/music\/funkyspace.mp3?_=5\" \/><a href=\"http:\/\/dudek-net.com\/files\/music\/funkyspace.mp3\">http:\/\/dudek-net.com\/files\/music\/funkyspace.mp3<\/a><\/audio><\/div><br \/>\nMadeira Dreams\u00a0 (composed by Darius Dudek)<div class=\"sc_fancy_player_container\"><audio class=\"wp-audio-shortcode\" id=\"audio-153-6\" preload=\"none\" style=\"width: 100%;\" controls=\"controls\"><source type=\"audio\/mpeg\" src=\"http:\/\/dudek-net.com\/files\/music\/madeiradreams.mp3?_=6\" \/><a href=\"http:\/\/dudek-net.com\/files\/music\/madeiradreams.mp3\">http:\/\/dudek-net.com\/files\/music\/madeiradreams.mp3<\/a><\/audio><\/div><br \/>\nParaphrase (composed by Darius Dudek)<div class=\"sc_fancy_player_container\"><audio class=\"wp-audio-shortcode\" id=\"audio-153-7\" preload=\"none\" style=\"width: 100%;\" controls=\"controls\"><source type=\"audio\/mpeg\" src=\"http:\/\/dudek-net.com\/files\/music\/Paraphrase.mp3?_=7\" \/><a href=\"http:\/\/dudek-net.com\/files\/music\/Paraphrase.mp3\">http:\/\/dudek-net.com\/files\/music\/Paraphrase.mp3<\/a><\/audio><\/div><\/p>\n<h3><\/h3>\n<h3><\/h3>\n<p>&nbsp;<\/p>\n<p>&nbsp;<\/p>\n<h3><em><strong>2009<\/strong><\/em><\/h3>\n<p>Sensual Pleasure (composed by Darius Dudek)<div class=\"sc_fancy_player_container\"><audio class=\"wp-audio-shortcode\" id=\"audio-153-8\" preload=\"none\" style=\"width: 100%;\" controls=\"controls\"><source type=\"audio\/mpeg\" src=\"http:\/\/dudek-net.com\/files\/music\/SensualPleasure.mp3?_=8\" \/><a href=\"http:\/\/dudek-net.com\/files\/music\/SensualPleasure.mp3\">http:\/\/dudek-net.com\/files\/music\/SensualPleasure.mp3<\/a><\/audio><\/div><\/p>\n<p>Tribute to Lyle (composed by Darius Dudek)<div class=\"sc_fancy_player_container\"><audio class=\"wp-audio-shortcode\" id=\"audio-153-9\" preload=\"none\" style=\"width: 100%;\" controls=\"controls\"><source type=\"audio\/mpeg\" src=\"http:\/\/dudek-net.com\/files\/music\/tribute_to_lyle.mp3?_=9\" \/><a href=\"http:\/\/dudek-net.com\/files\/music\/tribute_to_lyle.mp3\">http:\/\/dudek-net.com\/files\/music\/tribute_to_lyle.mp3<\/a><\/audio><\/div><\/p>\n<p>&nbsp;<\/p>\n<h3 style=\"text-align: left;\"><\/h3>\n<h3 style=\"text-align: left;\"><em><strong>1993-1997<\/strong><\/em><\/h3>\n<p>Catch Me If You Can\u00a0(composed by Darius Dudek)<div class=\"sc_fancy_player_container\"><audio class=\"wp-audio-shortcode\" id=\"audio-153-10\" preload=\"none\" style=\"width: 100%;\" controls=\"controls\"><source type=\"audio\/mpeg\" src=\"http:\/\/dudek-net.com\/files\/music\/CatchMeIfYouCan.mp3?_=10\" \/><a href=\"http:\/\/dudek-net.com\/files\/music\/CatchMeIfYouCan.mp3\">http:\/\/dudek-net.com\/files\/music\/CatchMeIfYouCan.mp3<\/a><\/audio><\/div><\/p>\n<div>\n<p style=\"text-align: left;\">Rhumba For Two\u00a0(composed by Darius Dudek)<div class=\"sc_fancy_player_container\"><audio class=\"wp-audio-shortcode\" id=\"audio-153-11\" preload=\"none\" style=\"width: 100%;\" controls=\"controls\"><source type=\"audio\/mpeg\" src=\"http:\/\/dudek-net.com\/files\/music\/RhumbaForTwo.mp3?_=11\" \/><a href=\"http:\/\/dudek-net.com\/files\/music\/RhumbaForTwo.mp3\">http:\/\/dudek-net.com\/files\/music\/RhumbaForTwo.mp3<\/a><\/audio><\/div><\/p>\n<p>Rucki Zucki\u00a0(composed by Darius Dudek)<div class=\"sc_fancy_player_container\"><audio class=\"wp-audio-shortcode\" id=\"audio-153-12\" preload=\"none\" style=\"width: 100%;\" controls=\"controls\"><source type=\"audio\/mpeg\" src=\"http:\/\/dudek-net.com\/files\/music\/RuckiZucki.mp3?_=12\" \/><a href=\"http:\/\/dudek-net.com\/files\/music\/RuckiZucki.mp3\">http:\/\/dudek-net.com\/files\/music\/RuckiZucki.mp3<\/a><\/audio><\/div><\/p>\n<p>Funky Thing\u00a0(composed by Darius Dudek)<div class=\"sc_fancy_player_container\"><audio class=\"wp-audio-shortcode\" id=\"audio-153-13\" preload=\"none\" style=\"width: 100%;\" controls=\"controls\"><source type=\"audio\/mpeg\" src=\"http:\/\/dudek-net.com\/files\/music\/FunkyThing.mp3?_=13\" \/><a href=\"http:\/\/dudek-net.com\/files\/music\/FunkyThing.mp3\">http:\/\/dudek-net.com\/files\/music\/FunkyThing.mp3<\/a><\/audio><\/div><\/p>\n<p>&nbsp;<\/p>\n<\/div>\n","protected":false},"excerpt":{"rendered":"<p class=\"excerpt\">Jestem pianist\u0105 jazzowym, kompozytorem i keyborderem. W menu &#8222;Projekty muzyczne&#8220; znajdziesz informacje o zespo\u0142ach, w kt\u00f3rych jestem zaanga\u017cowany. Poni\u017cej mo\u017cesz odkry\u0107 moje kompozycje oraz interpretacje standard\u00f3w jazzowych. \u00a9 Composed (except *), produced and played by Darius Dudek 2015 Lullaby For Emilia (composed by Darius Dudek) 3rd Street, NYC (composed by Darius Dudek) &nbsp; 2014 Definition Of Love (composed by Darius&hellip; <a href=\"https:\/\/dudek-net.com\/main\/pl\/muzyka\/\">Read more &rarr;<\/a><\/p>\n","protected":false},"author":1,"featured_media":0,"parent":0,"menu_order":2,"comment_status":"closed","ping_status":"closed","template":"","meta":{"_monsterinsights_skip_tracking":false,"_monsterinsights_sitenote_active":false,"_monsterinsights_sitenote_note":"","_monsterinsights_sitenote_category":0,"footnotes":""},"_links":{"self":[{"href":"https:\/\/dudek-net.com\/main\/wp-json\/wp\/v2\/pages\/153"}],"collection":[{"href":"https:\/\/dudek-net.com\/main\/wp-json\/wp\/v2\/pages"}],"about":[{"href":"https:\/\/dudek-net.com\/main\/wp-json\/wp\/v2\/types\/page"}],"author":[{"embeddable":true,"href":"https:\/\/dudek-net.com\/main\/wp-json\/wp\/v2\/users\/1"}],"replies":[{"embeddable":true,"href":"https:\/\/dudek-net.com\/main\/wp-json\/wp\/v2\/comments?post=153"}],"version-history":[{"count":20,"href":"https:\/\/dudek-net.com\/main\/wp-json\/wp\/v2\/pages\/153\/revisions"}],"predecessor-version":[{"id":479,"href":"https:\/\/dudek-net.com\/main\/wp-json\/wp\/v2\/pages\/153\/revisions\/479"}],"wp:attachment":[{"href":"https:\/\/dudek-net.com\/main\/wp-json\/wp\/v2\/media?parent=153"}],"curies":[{"name":"wp","href":"https:\/\/api.w.org\/{rel}","templated":true}]}}